t is the highest common factor of y and 3?
3
Suppose -v + 3*v - 24 = 0. Suppose -3*o = -0*o - 18. What is the greatest common divisor of o and v?
6
Suppose 4*y + w + 3*w = 200, 0 = 5*y + w - 246. Suppose -g = -s + y, 15 = -0*g - 3*g. What is the highest common divisor of 11 and s?
11
Let j = 317 + -221. Calculate the greatest common factor of j and 24.
24
Let n = 50 + -37. Calculate the greatest common divisor of n and 13.
13
Suppose -3*u = -r - 0*u + 39, -4*u = 3*r - 65. Let n be r/18*(-44)/(-6). Calculate the greatest common divisor of 33 and n.
11
Let k(u) = u**3 - 13*u**2 - 12*u + 14. Let b be k(14). Calculate the highest common factor of 105 and b.
21
Let p(q) = -44*q + 24. Let s be p(-6). What is the greatest common factor of 32 and s?
32
Suppose 2*b = -4*j + 2*j + 10, -4*j + 3*b + 20 = 0. Let t be (-2)/5*1*(-1 + -49). Calculate the greatest common factor of t and j.
5
Suppose 92 = 4*b + 5*l - 127, -b + 3*l = -59. Let d be (5 - (1 + -2)) + 2. What is the greatest common factor of b and d?
8
Suppose 4*a + 12 - 252 = 0. Let c(q) = -2*q + 9. Let y be c(-3). Calculate the greatest common factor of a and y.
15
Let z(s) = s**3 + 3*s**2 - 2*s - 1. Let f be z(-3). What is the greatest common divisor of 35 and f?
5
Suppose -10 = -5*z, 4*a - 8*a + z = -18. Suppose -a*r = -2*r. Suppose r = 5*p - 2*t - 375, -94 - 50 = -2*p + 2*t. What is the greatest common factor of p and 7?
7
Suppose 40 = -o + 5*o. What is the greatest common divisor of 15 and o?
5
Let f(z) = 10*z + 1. Let v be f(1). Let k = 1 + v. What is the highest common divisor of 36 and k?
12
Let w(x) = 2*x**2 - 9*x - 4. Let o be w(8). Calculate the greatest common factor of 13 and o.
13
Suppose -72 = -2*s - 3*i, 5 = -s - i + 41. Suppose 0 = -3*l - 4*u + 31, -5*u + 8 - 3 = 0. What is the highest common factor of s and l?
9
Let l = -41 - -75. Calculate the greatest common factor of 17 and l.
17
Let a(u) = -u + 19. Let t be a(6). What is the greatest common divisor of t and 65?
13
Let o = -1564 + 482. Let j be (-12)/54 + o/(-9). Calculate the greatest common divisor of j and 15.
15
Let q(a) = 4*a**2 - 3*a + 1. Let v be q(2). Let g(s) = s**2 - 11*s + 3. Let f be g(v). Suppose t + 1 = f. Calculate the highest common factor of 1 and t.
1
Suppose 3*z - 15 = -12. What is the greatest common divisor of z and 1?
1
Suppose -5*s - f - 46 = -608, s + 4*f - 120 = 0. Let k(w) = 2*w**2 + 14*w - 60. Let l be k(-11). What is the greatest common divisor of s and l?
28
Let p = -1 + 2. Calculate the greatest common divisor of 2 and p.
1
Suppose -97 = -5*k + 3. Suppose 0 = -0*q - 2*q + k. What is the greatest common factor of q and 4?
2
Let w = -103 - -117. Calculate the greatest common factor of 14 and w.
14
Suppose -t = -0*t - 7. Let p be ((-70)/(-4))/(4/8). Suppose p = 6*y - y. Calculate the highest common divisor of y and t.
7
Let z = 17 - -1. What is the greatest common divisor of 12 and z?
6
Let b = 43 + -11. Suppose 0*j + 4*j - b = 0. Calculate the highest common divisor of 12 and j.
4
Let n be (-1)/2*(-11 - -13). Let q be n/(3 - (-7)/(-2)). Calculate the greatest common divisor of 10 and q.
2
Suppose m = 4*l + 24, -2*l - 2*m + 1 = 13. Let t be (13*-1)/(l/18). Calculate the highest common divisor of 13 and t.
13
Let c = 3 - 3. Let l be -4 + 2 + c + 32. Calculate the greatest common factor of 75 and l.
15
Suppose z + 24 = 4*z. Suppose -2*j - 84 = -9*j. What is the greatest common divisor of z and j?
4
Let x be 0/(2 - 3 - -3). Suppose 0 = -w - x*w + 22. Calculate the greatest common factor of 11 and w.
11
Let n(v) = v**2 - 3*v + 20. Let p be n(4). What is the greatest common factor of 40 and p?
8
Let t(c) = 4*c**2 + 2*c - 1. Let x be t(-4). Calculate the highest common factor of 22 and x.
11
Let z(w) = w**3 + 9*w**2 - 12*w - 13. Let g be z(-10). What is the greatest common divisor of 49 and g?
7
Suppose 14*h - 276 - 312 = 0. Calculate the greatest common divisor of 56 and h.
14
Let y(r) = -r**3 - 7*r**2 - 4*r + 8. Let p be y(-7). What is the greatest common factor of p and 36?
36
Let m(g) = -23*g**3 + g**2 - 1. Let i be m(-1). Suppose -37 - i = -2*h. Suppose 34 = 4*t - h. Calculate the greatest common factor of 64 and t.
16
Let j = -42 + 53. Calculate the greatest common factor of 88 and j.
11
Let m = 6 + -4. Suppose 5*i - m*d - 389 = 0, i - 33 - 42 = -d. Calculate the greatest common divisor of i and 7.
7
Suppose -6 = 3*z - 5*z. Let r be z/(-9) + (-104)/(-6). Calculate the greatest common divisor of r and 136.
17
Suppose 5*j + 63 + 32 = 0. Let h = 17 - j. Let d be (2 - -16)*(-10)/(-2). What is the highest common divisor of h and d?
18
Let v be (-174)/(-6) - (-1)/(-1). Suppose -4*a + 46 = 3*p - 0*p, -3*a + p = -v. Calculate the greatest common divisor of 2 and a.
2
Suppose 2*u - b = -2*u + 89, 0 = 2*u - 2*b - 52. Suppose -2 = 2*z - 4*x, -z - 1 + 0 = 5*x. Let r be (z - -7)*1/2. What is the highest common factor of u and r?
3
Let q be 8/(-10)*(-15)/6. Let h be 2 - 3 - -10 - q. Suppose -z = -2 - h. Calculate the highest common divisor of z and 6.
3
Suppose -v + 0*v = 5. Let r = v - -95. Calculate the greatest common divisor of 18 and r.
18
Let h(a) be the second derivative of -a**5/20 - 5*a**4/12 + 2*a**3/3 - 7*a**2/2 + 6*a. Let m be h(-6). Calculate the highest common divisor of m and 5.
5
Suppose 4*x = 5 - 1. Let n(i) = 6*i**2 + i - 1. Let j be n(x). Calculate the highest common factor of j and 24.
6
Suppose 68 + 362 = -5*j. Let d = -170 - -116. Let z = d - j. Calculate the highest common divisor of 8 and z.
8
Let y = 51 - 35. Suppose -i - k + 4 = 0, 12 = -4*i + 3*k - 0. Let q(m) = -m + 16. Let l be q(i). What is the highest common factor of l and y?
16
Suppose 0 = 3*t - 152 - 16. Calculate the highest common divisor of t and 14.
14
Let q(h) = -34*h - 6. Let b be q(-4). Calculate the greatest common divisor of 52 and b.
26
Let x be (-3 - 15)*(-2)/4. Calculate the highest common factor of 6 and x.
3
Let p(u) be the third derivative of -3/8*u**4 + 0*u + 2*u**2 + 0 - 1/60*u**5 + 2/3*u**3. Let h be p(-8). Calculate the highest common factor of h and 36.
12
Suppose 0 = y + 2*n - 18, 2*y + n = -21 + 54. Suppose -3*c + y = c. What is the highest common divisor of 10 and c?
2
Let p(j) = 6*j**2 - j - 10. Let b(x) = x**2 - 1. Let f(g) = -5*b(g) + p(g). Let y be f(5). What is the highest common divisor of 3 and y?
3
Let h be ((-9)/(-3))/(1/15). Let y = h - 30. What is the highest common divisor of y and 5?
5
Let w(b) = 2*b**3 - 6*b**2 + 4*b - 4. Let a = -3 - 1. Let s be (a/8)/((-1)/8). Let n be w(s). What is the greatest common factor of 4 and n?
4
Let q(i) = -i**3 + 10*i**2 + 12*i + 1. Let x be q(11). What is the highest common divisor of x and 84?
12
Suppose 2*g = 4*j - 6, -5*g + 5*j - 5 = -0*g. Calculate the greatest common divisor of 1 and g.
1
Let c be -10*(-1 + (-9)/5). Let j be 19/(-4 + 8 + -3). Let i = c - j. What is the highest common divisor of i and 9?
9
Suppose -2*q - 19 = -3*q. Calculate the highest common divisor of 95 and q.
19
Let f(y) = -y**3 - y**2 - y + 5. Let b be f(0). Suppose b*n - 64 - 269 = -4*h, 0 = -2*h + 5*n + 129. Calculate the highest common divisor of 11 and h.
11
Suppose -4*s = s - 1030. Let w = s + -128. Suppose -4*a = -5*m + 86, a + w = 5*m - a. Calculate the highest common factor of m and 2.
2
Suppose 0 = 6*l - 501 - 129. Let y be 73/5 - (-4)/10. What is the highest common divisor of l and y?
15
Let u(n) be the first derivative of n**4/4 - 2*n**3 + 5*n**2/2 + 5*n - 3. Let k be u(5). Let l = -68 + 113. What is the greatest common factor of k and l?
5
Suppose -o - 8 = -1. Let h be (-951)/(-21) + 2/o. What is the highest common factor of h and 9?
9
Suppose 0 = -4*j + 7*j - 90. What is the greatest common divisor of 6 and j?
6
Suppose -3*a + 3*l + 6 - 21 = 0, l = 0. Let u = a + 15. Suppose v + 0*n + 5*n = 115, 3*v = 3*n + 255. What is the greatest common factor of u and v?
10
Let m(h) be the first derivative of 8*h + 2 + 1/2*h**2 + 1/3*h**3 - 1/4*h**4. Let k be m(0). What is the greatest common factor of k and 72?
8
Suppose 0 = 3*v + 2*v. Suppose 0*f - 4*f - 24 = v. Let o be 9/f + (-21)/(-2). Calculate the greatest common divisor of o and 1.
1
Suppose -2*i - 2*i = -68. What is the highest common divisor of 85 and i?
17
Let k(l) = -8*l - 26. Let m be k(-7). Calculate the greatest commo